{"id":194,"date":"2025-10-27T14:19:43","date_gmt":"2025-10-27T20:19:43","guid":{"rendered":"https:\/\/cespad.org.hn\/pje\/?page_id=194"},"modified":"2025-11-04T15:53:30","modified_gmt":"2025-11-04T21:53:30","slug":"eventos","status":"publish","type":"page","link":"https:\/\/cespad.org.hn\/pje\/eventos\/","title":{"rendered":"Eventos"},"content":{"rendered":"\t\t<div data-elementor-type=\"wp-page\" data-elementor-id=\"194\" class=\"elementor elementor-194\">\n\t\t\t\t<div class=\"elementor-element elementor-element-4f97b4e e-flex e-con-boxed e-con e-parent\" data-id=\"4f97b4e\" data-element_type=\"container\">\n\t\t\t\t\t<div class=\"e-con-inner\">\n\t\t\t\t<div class=\"elementor-element elementor-element-2684282 elementor-widget elementor-widget-spacer\" data-id=\"2684282\" data-element_type=\"widget\" data-widget_type=\"spacer.default\">\n\t\t\t\t\t\t\t<div class=\"elementor-spacer\">\n\t\t\t<div class=\"elementor-spacer-inner\"><\/div>\n\t\t<\/div>\n\t\t\t\t\t\t<\/div>\n\t\t\t\t\t<\/div>\n\t\t\t\t<\/div>\n\t\t<div class=\"elementor-element elementor-element-89adfea e-flex e-con-boxed e-con e-parent\" data-id=\"89adfea\" data-element_type=\"container\">\n\t\t\t\t\t<div class=\"e-con-inner\">\n\t\t\t\t<div class=\"elementor-element elementor-element-561e717 elementor-widget elementor-widget-elementskit-blog-posts\" data-id=\"561e717\" data-element_type=\"widget\" data-widget_type=\"elementskit-blog-posts.default\">\n\t\t\t\t\t<div class=\"ekit-wid-con\" >        <div id=\"post-items--561e717\" class=\"row post-items\">\n                    <div class=\"col-md-12\">\n\n                                    <div class=\"elementskit-blog-block-post\">\n                        <div class=\"row no-gutters\">\n                                                            <div class=\"col-md-6 order-1\">\n                                    <a href=\"https:\/\/cespad.org.hn\/pje\/una-observacion-para-fortalecer-la-legitimidad-cespad-despliega-su-mision-electoral-2025\/\" class=\"elementskit-entry-thumb\">\n                                        <img decoding=\"async\" src=\"https:\/\/cespad.org.hn\/pje\/wp-content\/uploads\/2025\/11\/PORTADA-1024x576.jpg\" alt=\"Una observaci\u00f3n para fortalecer la legitimidad: CESPAD despliega su misi\u00f3n electoral 2025\">\n                                    <\/a><!-- .elementskit-entry-thumb END -->\n                                <\/div>\n                            \n                            <div class=\"col-md-6 order-2\">\n                                <div class=\"elementskit-post-body \">\n                                    <div class=\"elementskit-entry-header\">\n                                        \n                                                                                            \t\t\t\t\t                                            \n                                            \n                                                                                            \t\t\t\t<h2 class=\"entry-title\">\n\t\t\t\t\t<a href=\"https:\/\/cespad.org.hn\/pje\/una-observacion-para-fortalecer-la-legitimidad-cespad-despliega-su-mision-electoral-2025\/\">\n\t\t\t\t\t\tUna observaci\u00f3n para fortalecer la legitimidad: CESPAD despliega su misi\u00f3n electoral 2025\t\t\t\t\t<\/a>\n\t\t\t\t<\/h2>\n\t\t\t                                                                                <\/div><!-- .elementskit-entry-header END -->\n\n                                                                            <div class=\"elementskit-post-footer\">\n                                                                                            <p>Desde el Centro de Estudio para la Democracia (CESPAD) anunciamos el lanzamiento oficial de nuestra Misi\u00f3n de Observaci\u00f3n Electoral para las elecciones generales del 30 de noviembre. Este esfuerzo que basa en el sostenido trabajo de monitoreo preelectoral que hemos desarrollado desde septiembre de 2024. Al igual que en los procesos de 2013, 2017 y [&hellip;]<\/p>\n                                                                                                                                <\/div><!-- .elementskit-post-footer END -->\n                                                                    <\/div><!-- .elementskit-post-body END -->\n                            <\/div>\n                        <\/div>\n                    <\/div><!-- .elementskit-blog-block-post .radius .gradient-bg END -->\n                \n            <\/div>\n                    <div class=\"col-md-12\">\n\n                                    <div class=\"elementskit-blog-block-post\">\n                        <div class=\"row no-gutters\">\n                                                            <div class=\"col-md-6 order-1\">\n                                    <a href=\"https:\/\/cespad.org.hn\/pje\/jovenes-observadores-electorales-fortaleciendo-la-transparencia-para-2025-2\/\" class=\"elementskit-entry-thumb\">\n                                        <img decoding=\"async\" src=\"https:\/\/cespad.org.hn\/pje\/wp-content\/uploads\/2025\/11\/photo_4922530115112078432_y-1024x768.jpg\" alt=\"J\u00f3venes observadores electorales: fortaleciendo la transparencia para 2025\">\n                                    <\/a><!-- .elementskit-entry-thumb END -->\n                                <\/div>\n                            \n                            <div class=\"col-md-6 order-2\">\n                                <div class=\"elementskit-post-body \">\n                                    <div class=\"elementskit-entry-header\">\n                                        \n                                                                                            \t\t\t\t\t                                            \n                                            \n                                                                                            \t\t\t\t<h2 class=\"entry-title\">\n\t\t\t\t\t<a href=\"https:\/\/cespad.org.hn\/pje\/jovenes-observadores-electorales-fortaleciendo-la-transparencia-para-2025-2\/\">\n\t\t\t\t\t\tJ\u00f3venes observadores electorales: fortaleciendo la transparencia para 2025\t\t\t\t\t<\/a>\n\t\t\t\t<\/h2>\n\t\t\t                                                                                <\/div><!-- .elementskit-entry-header END -->\n\n                                                                            <div class=\"elementskit-post-footer\">\n                                                                                            <p>La Plataforma Juvenil Electoral (PJE), adscrita al Centro de Estudio para la Democracia (CESPAD), ha puesto en marcha un riguroso proceso de formaci\u00f3n como parte de su misi\u00f3n de observaci\u00f3n electoral para las Elecciones Generales de noviembre de 2025. La PJE se dedica a la vigilancia y observaci\u00f3n electoral ciudadana, con un enfoque en el [&hellip;]<\/p>\n                                                                                                                                <\/div><!-- .elementskit-post-footer END -->\n                                                                    <\/div><!-- .elementskit-post-body END -->\n                            <\/div>\n                        <\/div>\n                    <\/div><!-- .elementskit-blog-block-post .radius .gradient-bg END -->\n                \n            <\/div>\n                    <div class=\"col-md-12\">\n\n                                    <div class=\"elementskit-blog-block-post\">\n                        <div class=\"row no-gutters\">\n                                                            <div class=\"col-md-6 order-1\">\n                                    <a href=\"https:\/\/cespad.org.hn\/pje\/jovenes-observadores-electorales-fortaleciendo-la-transparencia-para-2025\/\" class=\"elementskit-entry-thumb\">\n                                        <img decoding=\"async\" src=\"https:\/\/cespad.org.hn\/pje\/wp-content\/uploads\/2025\/11\/photo_4922530115112078432_y-1024x768.jpg\" alt=\"J\u00f3venes observadores electorales: fortaleciendo la transparencia para 2025\">\n                                    <\/a><!-- .elementskit-entry-thumb END -->\n                                <\/div>\n                            \n                            <div class=\"col-md-6 order-2\">\n                                <div class=\"elementskit-post-body \">\n                                    <div class=\"elementskit-entry-header\">\n                                        \n                                                                                            \t\t\t\t\t                                            \n                                            \n                                                                                            \t\t\t\t<h2 class=\"entry-title\">\n\t\t\t\t\t<a href=\"https:\/\/cespad.org.hn\/pje\/jovenes-observadores-electorales-fortaleciendo-la-transparencia-para-2025\/\">\n\t\t\t\t\t\tJ\u00f3venes observadores electorales: fortaleciendo la transparencia para 2025\t\t\t\t\t<\/a>\n\t\t\t\t<\/h2>\n\t\t\t                                                                                <\/div><!-- .elementskit-entry-header END -->\n\n                                                                            <div class=\"elementskit-post-footer\">\n                                                                                                                                                                                                                            <\/div><!-- .elementskit-post-footer END -->\n                                                                    <\/div><!-- .elementskit-post-body END -->\n                            <\/div>\n                        <\/div>\n                    <\/div><!-- .elementskit-blog-block-post .radius .gradient-bg END -->\n                \n            <\/div>\n                <\/div>\n       <\/div>\t\t\t\t<\/div>\n\t\t\t\t\t<\/div>\n\t\t\t\t<\/div>\n\t\t<div class=\"elementor-element elementor-element-bc02b70 e-flex e-con-boxed e-con e-parent\" data-id=\"bc02b70\" data-element_type=\"container\">\n\t\t\t\t\t<div class=\"e-con-inner\">\n\t\t\t\t<div class=\"elementor-element elementor-element-9e516b2 elementor-widget elementor-widget-spacer\" data-id=\"9e516b2\" data-element_type=\"widget\" data-widget_type=\"spacer.default\">\n\t\t\t\t\t\t\t<div class=\"elementor-spacer\">\n\t\t\t<div class=\"elementor-spacer-inner\"><\/div>\n\t\t<\/div>\n\t\t\t\t\t\t<\/div>\n\t\t\t\t\t<\/div>\n\t\t\t\t<\/div>\n\t\t<div class=\"elementor-element elementor-element-2a0015b e-flex e-con-boxed e-con e-parent\" data-id=\"2a0015b\" data-element_type=\"container\">\n\t\t\t\t\t<div class=\"e-con-inner\">\n\t\t\t\t<div class=\"elementor-element elementor-element-946da1f elementor-widget elementor-widget-spacer\" data-id=\"946da1f\" data-element_type=\"widget\" data-widget_type=\"spacer.default\">\n\t\t\t\t\t\t\t<div class=\"elementor-spacer\">\n\t\t\t<div class=\"elementor-spacer-inner\"><\/div>\n\t\t<\/div>\n\t\t\t\t\t\t<\/div>\n\t\t\t\t\t<\/div>\n\t\t\t\t<\/div>\n\t\t\t\t<\/div>\n\t\t\n    <div class=\"xs_social_share_widget xs_share_url after_content \t\tmain_content  wslu-style-1 wslu-share-box-shaped wslu-fill-colored wslu-none wslu-share-horizontal wslu-theme-font-no wslu-main_content\">\n\n\t\t\n        <ul>\n\t\t\t        <\/ul>\n    <\/div> \n","protected":false},"excerpt":{"rendered":"<p>J\u00f3venes observadores electorales: fortaleciendo la transparencia para 2025 La Plataforma Juvenil Electoral (PJE), adscrita al Centro de Estudio para la Democracia (CESPAD), ha puesto en marcha un riguroso proceso de formaci\u00f3n como parte de su misi\u00f3n de observaci\u00f3n electoral para las Elecciones Generales de noviembre de 2025. La PJE se dedica a la vigilancia y [&hellip;]<\/p>\n","protected":false},"author":1,"featured_media":0,"parent":0,"menu_order":0,"comment_status":"closed","ping_status":"closed","template":"","meta":{"_eb_attr":"","om_disable_all_campaigns":false,"postBodyCss":"","postBodyMargin":[],"postBodyPadding":[],"postBodyBackground":{"backgroundType":"classic","gradient":""},"footnotes":""},"class_list":["post-194","page","type-page","status-publish","hentry"],"yoast_head":"<!-- This site is optimized with the Yoast SEO plugin v27.2 - https:\/\/yoast.com\/product\/yoast-seo-wordpress\/ -->\n<title>Eventos - PLATAFORMA JUVENIL ELECTORAL<\/title>\n<meta name=\"robots\" content=\"index, follow, max-snippet:-1, max-image-preview:large, max-video-preview:-1\" \/>\n<link rel=\"canonical\" href=\"https:\/\/cespad.org.hn\/pje\/eventos\/\" \/>\n<meta property=\"og:locale\" content=\"es_ES\" \/>\n<meta property=\"og:type\" content=\"article\" \/>\n<meta property=\"og:title\" content=\"Eventos - PLATAFORMA JUVENIL ELECTORAL\" \/>\n<meta property=\"og:description\" content=\"J\u00f3venes observadores electorales: fortaleciendo la transparencia para 2025 La Plataforma Juvenil Electoral (PJE), adscrita al Centro de Estudio para la Democracia (CESPAD), ha puesto en marcha un riguroso proceso de formaci\u00f3n como parte de su misi\u00f3n de observaci\u00f3n electoral para las Elecciones Generales de noviembre de 2025. La PJE se dedica a la vigilancia y [&hellip;]\" \/>\n<meta property=\"og:url\" content=\"https:\/\/cespad.org.hn\/pje\/eventos\/\" \/>\n<meta property=\"og:site_name\" content=\"PLATAFORMA JUVENIL ELECTORAL\" \/>\n<meta property=\"article:publisher\" content=\"https:\/\/www.facebook.com\/plataformajuvenilelectoral\/\" \/>\n<meta property=\"article:modified_time\" content=\"2025-11-04T21:53:30+00:00\" \/>\n<meta property=\"og:image\" content=\"https:\/\/cespad.org.hn\/pje\/wp-content\/uploads\/2025\/11\/Foto-03-1024x512.jpg\" \/>\n<meta name=\"twitter:card\" content=\"summary_large_image\" \/>\n<meta name=\"twitter:label1\" content=\"Tiempo de lectura\" \/>\n\t<meta name=\"twitter:data1\" content=\"1 minuto\" \/>\n<script type=\"application\/ld+json\" class=\"yoast-schema-graph\">{\"@context\":\"https:\/\/schema.org\",\"@graph\":[{\"@type\":\"WebPage\",\"@id\":\"https:\/\/cespad.org.hn\/pje\/eventos\/\",\"url\":\"https:\/\/cespad.org.hn\/pje\/eventos\/\",\"name\":\"Eventos - PLATAFORMA JUVENIL ELECTORAL\",\"isPartOf\":{\"@id\":\"https:\/\/cespad.org.hn\/pje\/#website\"},\"primaryImageOfPage\":{\"@id\":\"https:\/\/cespad.org.hn\/pje\/eventos\/#primaryimage\"},\"image\":{\"@id\":\"https:\/\/cespad.org.hn\/pje\/eventos\/#primaryimage\"},\"thumbnailUrl\":\"https:\/\/cespad.org.hn\/pje\/wp-content\/uploads\/2025\/11\/Foto-03-1024x512.jpg\",\"datePublished\":\"2025-10-27T20:19:43+00:00\",\"dateModified\":\"2025-11-04T21:53:30+00:00\",\"breadcrumb\":{\"@id\":\"https:\/\/cespad.org.hn\/pje\/eventos\/#breadcrumb\"},\"inLanguage\":\"es\",\"potentialAction\":[{\"@type\":\"ReadAction\",\"target\":[\"https:\/\/cespad.org.hn\/pje\/eventos\/\"]}]},{\"@type\":\"ImageObject\",\"inLanguage\":\"es\",\"@id\":\"https:\/\/cespad.org.hn\/pje\/eventos\/#primaryimage\",\"url\":\"https:\/\/cespad.org.hn\/pje\/wp-content\/uploads\/2025\/11\/Foto-03.jpg\",\"contentUrl\":\"https:\/\/cespad.org.hn\/pje\/wp-content\/uploads\/2025\/11\/Foto-03.jpg\",\"width\":1200,\"height\":600},{\"@type\":\"BreadcrumbList\",\"@id\":\"https:\/\/cespad.org.hn\/pje\/eventos\/#breadcrumb\",\"itemListElement\":[{\"@type\":\"ListItem\",\"position\":1,\"name\":\"Portada\",\"item\":\"https:\/\/cespad.org.hn\/pje\/\"},{\"@type\":\"ListItem\",\"position\":2,\"name\":\"Eventos\"}]},{\"@type\":\"WebSite\",\"@id\":\"https:\/\/cespad.org.hn\/pje\/#website\",\"url\":\"https:\/\/cespad.org.hn\/pje\/\",\"name\":\"PLATAFORMA JUVENIL ELECTORAL\",\"description\":\"\",\"publisher\":{\"@id\":\"https:\/\/cespad.org.hn\/pje\/#organization\"},\"potentialAction\":[{\"@type\":\"SearchAction\",\"target\":{\"@type\":\"EntryPoint\",\"urlTemplate\":\"https:\/\/cespad.org.hn\/pje\/?s={search_term_string}\"},\"query-input\":{\"@type\":\"PropertyValueSpecification\",\"valueRequired\":true,\"valueName\":\"search_term_string\"}}],\"inLanguage\":\"es\"},{\"@type\":\"Organization\",\"@id\":\"https:\/\/cespad.org.hn\/pje\/#organization\",\"name\":\"PLATAFORMA JUVENIL ELECTORAL\",\"url\":\"https:\/\/cespad.org.hn\/pje\/\",\"logo\":{\"@type\":\"ImageObject\",\"inLanguage\":\"es\",\"@id\":\"https:\/\/cespad.org.hn\/pje\/#\/schema\/logo\/image\/\",\"url\":\"https:\/\/cespad.org.hn\/pje\/wp-content\/uploads\/2025\/09\/cropped-cropped-cropped-WhatsApp-Image-2025-09-22-at-10.59.57-a.-m.jpeg\",\"contentUrl\":\"https:\/\/cespad.org.hn\/pje\/wp-content\/uploads\/2025\/09\/cropped-cropped-cropped-WhatsApp-Image-2025-09-22-at-10.59.57-a.-m.jpeg\",\"width\":768,\"height\":606,\"caption\":\"PLATAFORMA JUVENIL ELECTORAL\"},\"image\":{\"@id\":\"https:\/\/cespad.org.hn\/pje\/#\/schema\/logo\/image\/\"},\"sameAs\":[\"https:\/\/www.facebook.com\/plataformajuvenilelectoral\/\",\"https:\/\/www.tiktok.com\/@pjehonduras\"]}]}<\/script>\n<!-- \/ Yoast SEO plugin. -->","yoast_head_json":{"title":"Eventos - PLATAFORMA JUVENIL ELECTORAL","robots":{"index":"index","follow":"follow","max-snippet":"max-snippet:-1","max-image-preview":"max-image-preview:large","max-video-preview":"max-video-preview:-1"},"canonical":"https:\/\/cespad.org.hn\/pje\/eventos\/","og_locale":"es_ES","og_type":"article","og_title":"Eventos - PLATAFORMA JUVENIL ELECTORAL","og_description":"J\u00f3venes observadores electorales: fortaleciendo la transparencia para 2025 La Plataforma Juvenil Electoral (PJE), adscrita al Centro de Estudio para la Democracia (CESPAD), ha puesto en marcha un riguroso proceso de formaci\u00f3n como parte de su misi\u00f3n de observaci\u00f3n electoral para las Elecciones Generales de noviembre de 2025. La PJE se dedica a la vigilancia y [&hellip;]","og_url":"https:\/\/cespad.org.hn\/pje\/eventos\/","og_site_name":"PLATAFORMA JUVENIL ELECTORAL","article_publisher":"https:\/\/www.facebook.com\/plataformajuvenilelectoral\/","article_modified_time":"2025-11-04T21:53:30+00:00","og_image":[{"url":"https:\/\/cespad.org.hn\/pje\/wp-content\/uploads\/2025\/11\/Foto-03-1024x512.jpg","type":"","width":"","height":""}],"twitter_card":"summary_large_image","twitter_misc":{"Tiempo de lectura":"1 minuto"},"schema":{"@context":"https:\/\/schema.org","@graph":[{"@type":"WebPage","@id":"https:\/\/cespad.org.hn\/pje\/eventos\/","url":"https:\/\/cespad.org.hn\/pje\/eventos\/","name":"Eventos - PLATAFORMA JUVENIL ELECTORAL","isPartOf":{"@id":"https:\/\/cespad.org.hn\/pje\/#website"},"primaryImageOfPage":{"@id":"https:\/\/cespad.org.hn\/pje\/eventos\/#primaryimage"},"image":{"@id":"https:\/\/cespad.org.hn\/pje\/eventos\/#primaryimage"},"thumbnailUrl":"https:\/\/cespad.org.hn\/pje\/wp-content\/uploads\/2025\/11\/Foto-03-1024x512.jpg","datePublished":"2025-10-27T20:19:43+00:00","dateModified":"2025-11-04T21:53:30+00:00","breadcrumb":{"@id":"https:\/\/cespad.org.hn\/pje\/eventos\/#breadcrumb"},"inLanguage":"es","potentialAction":[{"@type":"ReadAction","target":["https:\/\/cespad.org.hn\/pje\/eventos\/"]}]},{"@type":"ImageObject","inLanguage":"es","@id":"https:\/\/cespad.org.hn\/pje\/eventos\/#primaryimage","url":"https:\/\/cespad.org.hn\/pje\/wp-content\/uploads\/2025\/11\/Foto-03.jpg","contentUrl":"https:\/\/cespad.org.hn\/pje\/wp-content\/uploads\/2025\/11\/Foto-03.jpg","width":1200,"height":600},{"@type":"BreadcrumbList","@id":"https:\/\/cespad.org.hn\/pje\/eventos\/#breadcrumb","itemListElement":[{"@type":"ListItem","position":1,"name":"Portada","item":"https:\/\/cespad.org.hn\/pje\/"},{"@type":"ListItem","position":2,"name":"Eventos"}]},{"@type":"WebSite","@id":"https:\/\/cespad.org.hn\/pje\/#website","url":"https:\/\/cespad.org.hn\/pje\/","name":"PLATAFORMA JUVENIL ELECTORAL","description":"","publisher":{"@id":"https:\/\/cespad.org.hn\/pje\/#organization"},"potentialAction":[{"@type":"SearchAction","target":{"@type":"EntryPoint","urlTemplate":"https:\/\/cespad.org.hn\/pje\/?s={search_term_string}"},"query-input":{"@type":"PropertyValueSpecification","valueRequired":true,"valueName":"search_term_string"}}],"inLanguage":"es"},{"@type":"Organization","@id":"https:\/\/cespad.org.hn\/pje\/#organization","name":"PLATAFORMA JUVENIL ELECTORAL","url":"https:\/\/cespad.org.hn\/pje\/","logo":{"@type":"ImageObject","inLanguage":"es","@id":"https:\/\/cespad.org.hn\/pje\/#\/schema\/logo\/image\/","url":"https:\/\/cespad.org.hn\/pje\/wp-content\/uploads\/2025\/09\/cropped-cropped-cropped-WhatsApp-Image-2025-09-22-at-10.59.57-a.-m.jpeg","contentUrl":"https:\/\/cespad.org.hn\/pje\/wp-content\/uploads\/2025\/09\/cropped-cropped-cropped-WhatsApp-Image-2025-09-22-at-10.59.57-a.-m.jpeg","width":768,"height":606,"caption":"PLATAFORMA JUVENIL ELECTORAL"},"image":{"@id":"https:\/\/cespad.org.hn\/pje\/#\/schema\/logo\/image\/"},"sameAs":["https:\/\/www.facebook.com\/plataformajuvenilelectoral\/","https:\/\/www.tiktok.com\/@pjehonduras"]}]}},"_links":{"self":[{"href":"https:\/\/cespad.org.hn\/pje\/wp-json\/wp\/v2\/pages\/194","targetHints":{"allow":["GET"]}}],"collection":[{"href":"https:\/\/cespad.org.hn\/pje\/wp-json\/wp\/v2\/pages"}],"about":[{"href":"https:\/\/cespad.org.hn\/pje\/wp-json\/wp\/v2\/types\/page"}],"author":[{"embeddable":true,"href":"https:\/\/cespad.org.hn\/pje\/wp-json\/wp\/v2\/users\/1"}],"replies":[{"embeddable":true,"href":"https:\/\/cespad.org.hn\/pje\/wp-json\/wp\/v2\/comments?post=194"}],"version-history":[{"count":20,"href":"https:\/\/cespad.org.hn\/pje\/wp-json\/wp\/v2\/pages\/194\/revisions"}],"predecessor-version":[{"id":515,"href":"https:\/\/cespad.org.hn\/pje\/wp-json\/wp\/v2\/pages\/194\/revisions\/515"}],"wp:attachment":[{"href":"https:\/\/cespad.org.hn\/pje\/wp-json\/wp\/v2\/media?parent=194"}],"curies":[{"name":"wp","href":"https:\/\/api.w.org\/{rel}","templated":true}]}}