{"id":203,"date":"2025-10-28T11:33:39","date_gmt":"2025-10-28T17:33:39","guid":{"rendered":"https:\/\/cespad.org.hn\/pje\/?page_id=203"},"modified":"2025-11-07T18:22:06","modified_gmt":"2025-11-08T00:22:06","slug":"quienes-somos","status":"publish","type":"page","link":"https:\/\/cespad.org.hn\/pje\/quienes-somos\/","title":{"rendered":"Qui\u00e9nes somos"},"content":{"rendered":"\t\t<div data-elementor-type=\"wp-page\" data-elementor-id=\"203\" class=\"elementor elementor-203\">\n\t\t\t\t<div class=\"elementor-element elementor-element-bb81ee6 e-flex e-con-boxed e-con e-parent\" data-id=\"bb81ee6\" data-element_type=\"container\">\n\t\t\t\t\t<div class=\"e-con-inner\">\n\t\t\t\t<div class=\"elementor-element elementor-element-1e869ee elementor-widget elementor-widget-image\" data-id=\"1e869ee\" data-element_type=\"widget\" data-widget_type=\"image.default\">\n\t\t\t\t\t\t\t\t\t\t\t\t\t\t\t<img fetchpriority=\"high\" decoding=\"async\" width=\"1280\" height=\"960\" src=\"https:\/\/cespad.org.hn\/pje\/wp-content\/uploads\/2025\/11\/photo_4922530115112078413_y.jpg\" class=\"attachment-full size-full wp-image-517\" alt=\"\" srcset=\"https:\/\/cespad.org.hn\/pje\/wp-content\/uploads\/2025\/11\/photo_4922530115112078413_y.jpg 1280w, https:\/\/cespad.org.hn\/pje\/wp-content\/uploads\/2025\/11\/photo_4922530115112078413_y-300x225.jpg 300w, https:\/\/cespad.org.hn\/pje\/wp-content\/uploads\/2025\/11\/photo_4922530115112078413_y-1024x768.jpg 1024w, https:\/\/cespad.org.hn\/pje\/wp-content\/uploads\/2025\/11\/photo_4922530115112078413_y-768x576.jpg 768w\" sizes=\"(max-width: 1280px) 100vw, 1280px\" \/>\t\t\t\t\t\t\t\t\t\t\t\t\t\t\t<\/div>\n\t\t\t\t\t<\/div>\n\t\t\t\t<\/div>\n\t\t<div class=\"elementor-element elementor-element-6465dd5 e-flex e-con-boxed e-con e-parent\" data-id=\"6465dd5\" data-element_type=\"container\">\n\t\t\t\t\t<div class=\"e-con-inner\">\n\t\t\t\t<div class=\"elementor-element elementor-element-7c6cee6 elementor-widget elementor-widget-text-editor\" data-id=\"7c6cee6\" data-element_type=\"widget\" data-widget_type=\"text-editor.default\">\n\t\t\t\t\t\t\t\t\t<h5 style=\"text-align: justify;\">En un contexto electoral crucial para Honduras, nos presentamos como la Plataforma Juvenil Electoral (PJE), una iniciativa adscrita al Centro de Estudio para la Democracia (CESPAD), dedicada a la vigilancia y observaci\u00f3n electoral ciudadana, con un enfoque en la participaci\u00f3n y el liderazgo juvenil.<\/h5><h5 style=\"text-align: justify;\"><strong>Nuestra misi\u00f3n es clara:<\/strong> contribuir al fortalecimiento de la integridad, transparencia y legitimidad de los procesos electorales a trav\u00e9s de la veedur\u00eda social, la documentaci\u00f3n de incidencias y la visibilizaci\u00f3n de riesgos.<\/h5><h5 style=\"text-align: justify;\"><strong>Nuestro antecedente: elecciones generales 2021<\/strong><\/h5><h5 style=\"text-align: justify;\">La Plataforma Juvenil Electoral naci\u00f3 oficialmente en noviembre de 2021, en el marco de las elecciones generales de ese a\u00f1o. En 2021, un equipo de m\u00e1s de 300 j\u00f3venes de diversas regiones del pa\u00eds (Choluteca, Cop\u00e1n, Col\u00f3n, Francisco Moraz\u00e1n, La Paz, Lempira, Santa B\u00e1rbara, Valle y Yoro) se uni\u00f3 con la convicci\u00f3n de ser agentes de cambio.<\/h5><h5 style=\"text-align: justify;\">En el contexto del convenio de observaci\u00f3n electoral suscrito entre el CESPAD y el Consejo Nacional Electoral (CNE), nuestra labor consisti\u00f3 en:<\/h5><ul style=\"text-align: justify;\"><li><h5>Vigilar el desarrollo de las elecciones.<\/h5><\/li><li><h5>Documentar las situaciones acontecidas en diversas regiones, especialmente en aquellas con alta conflictividad social o militarizadas.<\/h5><\/li><li><h5>Generar una voz cr\u00edtica para contribuir a un Estado de derecho, tras habernos formado en temas clave como el contexto electoral, el gasto p\u00fablico y el papel de la institucionalidad.<\/h5><\/li><li><h5>Al finalizar la veedur\u00eda, la Plataforma hizo p\u00fablico un informe documentando los hallazgos de un proceso eleccionario clave para la naci\u00f3n.<\/h5><\/li><\/ul><h5 style=\"text-align: justify;\"><strong>Nuestro compromiso: elecciones generales 2025<\/strong><\/h5><h5 style=\"text-align: justify;\">Hoy, en un escenario marcado por una alta tensi\u00f3n pol\u00edtica e institucional, la Plataforma Juvenil Electoral y el CESPAD anunciamos la continuidad de nuestra misi\u00f3n de observaci\u00f3n para las Elecciones Generales de noviembre de 2025.<\/h5><h5 style=\"text-align: justify;\">Nuestra vigilancia se centrar\u00e1 en la observaci\u00f3n electoral ciudadana, poniendo \u00e9nfasis en la mec\u00e1nica del sufragio, la detecci\u00f3n de irregularidades y la visibilizaci\u00f3n de riesgos como la violencia electoral.<\/h5><h5 style=\"text-align: justify;\"><strong>\u00bfQu\u00e9 haremos en 2025?<\/strong><\/h5><h5 style=\"text-align: justify;\"><strong>Despliegue estrat\u00e9gico<\/strong><\/h5><h5 style=\"text-align: justify;\">Realizaremos un despliegue de 84 observadores\/as nacionales en Juntas Receptoras de Votos (JRV) de los 14 municipios con mayor carga electoral, en 9 departamentos del pa\u00eds. Estaremos acompa\u00f1ados por un total de 40 observadores\/as internacionales.<\/h5><h5 style=\"text-align: justify;\"><strong>Monitoreo integral<\/strong><\/h5><h5 style=\"text-align: justify;\">Monitorearemos la jornada electoral para verificar el cumplimiento de la normativa y las garant\u00edas del derecho al voto, evaluando la apertura de JRV, la accesibilidad, el funcionamiento de la biometr\u00eda, el conteo y la transmisi\u00f3n de resultados.<\/h5><h5 style=\"text-align: justify;\"><strong>Documentaci\u00f3n en tiempo real<\/strong><\/h5><h5 style=\"text-align: justify;\">Emplearemos herramientas digitales (como una aplicaci\u00f3n m\u00f3vil) para el reporte inmediato de incidencias, generando evidencia verificable que permita crear un registro p\u00fablico, mapas y alertas en tiempo real.<\/h5><h5 style=\"text-align: justify;\"><strong>Veedur\u00eda completa<\/strong><\/h5><h5 style=\"text-align: justify;\">Nuestro prop\u00f3sito no solo es vigilar el d\u00eda de la votaci\u00f3n, sino tambi\u00e9n documentar las condiciones previas y posteriores al proceso, aportando a la construcci\u00f3n de un proceso electoral transparente, inclusivo y leg\u00edtimo.<\/h5><h5 style=\"text-align: justify;\"><strong>Informe final<\/strong><\/h5><h5 style=\"text-align: justify;\">Al concluir la veedur\u00eda, elaboraremos un informe integral con hallazgos, lecciones aprendidas y recomendaciones, que ser\u00e1 socializado p\u00fablicamente.<\/h5><h5 style=\"text-align: justify;\">La participaci\u00f3n de la Plataforma Juvenil Electoral en esta Misi\u00f3n de Observaci\u00f3n Electoral busca dar confianza a la ciudadan\u00eda y garantizar que las elecciones de 2025 reflejen verdaderamente la voluntad popular. La sociedad civil joven est\u00e1 comprometida con la defensa del derecho al voto y la democracia en Honduras.<\/h5><h5 style=\"text-align: justify;\">Para seguir de cerca nuestro trabajo y unirte a nuestra comunidad comprometida con la transparencia electoral, s\u00edguenos en nuestras redes sociales:<\/h5>\t\t\t\t\t\t\t\t<\/div>\n\t\t\t\t\t<\/div>\n\t\t\t\t<\/div>\n\t\t<div class=\"elementor-element elementor-element-5fca392 e-flex e-con-boxed e-con e-parent\" data-id=\"5fca392\" data-element_type=\"container\">\n\t\t\t\t\t<div class=\"e-con-inner\">\n\t\t\t\t<div class=\"elementor-element elementor-element-d87c74a elementor-widget elementor-widget-spacer\" data-id=\"d87c74a\" data-element_type=\"widget\" data-widget_type=\"spacer.default\">\n\t\t\t\t\t\t\t<div class=\"elementor-spacer\">\n\t\t\t<div class=\"elementor-spacer-inner\"><\/div>\n\t\t<\/div>\n\t\t\t\t\t\t<\/div>\n\t\t\t\t\t<\/div>\n\t\t\t\t<\/div>\n\t\t<div class=\"elementor-element elementor-element-cbe0b16 e-flex e-con-boxed e-con e-parent\" data-id=\"cbe0b16\" data-element_type=\"container\">\n\t\t\t\t\t<div class=\"e-con-inner\">\n\t\t\t\t<div class=\"elementor-element elementor-element-3ca4bbd elementor-widget elementor-widget-spacer\" data-id=\"3ca4bbd\" data-element_type=\"widget\" data-widget_type=\"spacer.default\">\n\t\t\t\t\t\t\t<div class=\"elementor-spacer\">\n\t\t\t<div class=\"elementor-spacer-inner\"><\/div>\n\t\t<\/div>\n\t\t\t\t\t\t<\/div>\n\t\t\t\t\t<\/div>\n\t\t\t\t<\/div>\n\t\t\t\t<\/div>\n\t\t\n    <div class=\"xs_social_share_widget xs_share_url after_content \t\tmain_content  wslu-style-1 wslu-share-box-shaped wslu-fill-colored wslu-none wslu-share-horizontal wslu-theme-font-no wslu-main_content\">\n\n\t\t\n        <ul>\n\t\t\t        <\/ul>\n    <\/div> \n","protected":false},"excerpt":{"rendered":"<p>En un contexto electoral crucial para Honduras, nos presentamos como la Plataforma Juvenil Electoral (PJE), una iniciativa adscrita al Centro de Estudio para la Democracia (CESPAD), dedicada a la vigilancia y observaci\u00f3n electoral ciudadana, con un enfoque en la participaci\u00f3n y el liderazgo juvenil. Nuestra misi\u00f3n es clara: contribuir al fortalecimiento de la integridad, transparencia [&hellip;]<\/p>\n","protected":false},"author":1,"featured_media":0,"parent":0,"menu_order":0,"comment_status":"closed","ping_status":"closed","template":"","meta":{"_eb_attr":"","om_disable_all_campaigns":false,"postBodyCss":"","postBodyMargin":[],"postBodyPadding":[],"postBodyBackground":{"backgroundType":"classic","gradient":""},"footnotes":""},"class_list":["post-203","page","type-page","status-publish","hentry"],"yoast_head":"<!-- This site is optimized with the Yoast SEO plugin v27.2 - https:\/\/yoast.com\/product\/yoast-seo-wordpress\/ -->\n<title>Qui\u00e9nes somos - PLATAFORMA JUVENIL ELECTORAL<\/title>\n<meta name=\"robots\" content=\"index, follow, max-snippet:-1, max-image-preview:large, max-video-preview:-1\" \/>\n<link rel=\"canonical\" href=\"https:\/\/cespad.org.hn\/pje\/quienes-somos\/\" \/>\n<meta property=\"og:locale\" content=\"es_ES\" \/>\n<meta property=\"og:type\" content=\"article\" \/>\n<meta property=\"og:title\" content=\"Qui\u00e9nes somos - PLATAFORMA JUVENIL ELECTORAL\" \/>\n<meta property=\"og:description\" content=\"En un contexto electoral crucial para Honduras, nos presentamos como la Plataforma Juvenil Electoral (PJE), una iniciativa adscrita al Centro de Estudio para la Democracia (CESPAD), dedicada a la vigilancia y observaci\u00f3n electoral ciudadana, con un enfoque en la participaci\u00f3n y el liderazgo juvenil. Nuestra misi\u00f3n es clara: contribuir al fortalecimiento de la integridad, transparencia [&hellip;]\" \/>\n<meta property=\"og:url\" content=\"https:\/\/cespad.org.hn\/pje\/quienes-somos\/\" \/>\n<meta property=\"og:site_name\" content=\"PLATAFORMA JUVENIL ELECTORAL\" \/>\n<meta property=\"article:publisher\" content=\"https:\/\/www.facebook.com\/plataformajuvenilelectoral\/\" \/>\n<meta property=\"article:modified_time\" content=\"2025-11-08T00:22:06+00:00\" \/>\n<meta property=\"og:image\" content=\"https:\/\/cespad.org.hn\/pje\/wp-content\/uploads\/2025\/11\/photo_4922530115112078413_y.jpg\" \/>\n<meta name=\"twitter:card\" content=\"summary_large_image\" \/>\n<meta name=\"twitter:label1\" content=\"Tiempo de lectura\" \/>\n\t<meta name=\"twitter:data1\" content=\"3 minutos\" \/>\n<script type=\"application\/ld+json\" class=\"yoast-schema-graph\">{\"@context\":\"https:\/\/schema.org\",\"@graph\":[{\"@type\":\"WebPage\",\"@id\":\"https:\/\/cespad.org.hn\/pje\/quienes-somos\/\",\"url\":\"https:\/\/cespad.org.hn\/pje\/quienes-somos\/\",\"name\":\"Qui\u00e9nes somos - PLATAFORMA JUVENIL ELECTORAL\",\"isPartOf\":{\"@id\":\"https:\/\/cespad.org.hn\/pje\/#website\"},\"primaryImageOfPage\":{\"@id\":\"https:\/\/cespad.org.hn\/pje\/quienes-somos\/#primaryimage\"},\"image\":{\"@id\":\"https:\/\/cespad.org.hn\/pje\/quienes-somos\/#primaryimage\"},\"thumbnailUrl\":\"https:\/\/cespad.org.hn\/pje\/wp-content\/uploads\/2025\/11\/photo_4922530115112078413_y.jpg\",\"datePublished\":\"2025-10-28T17:33:39+00:00\",\"dateModified\":\"2025-11-08T00:22:06+00:00\",\"breadcrumb\":{\"@id\":\"https:\/\/cespad.org.hn\/pje\/quienes-somos\/#breadcrumb\"},\"inLanguage\":\"es\",\"potentialAction\":[{\"@type\":\"ReadAction\",\"target\":[\"https:\/\/cespad.org.hn\/pje\/quienes-somos\/\"]}]},{\"@type\":\"ImageObject\",\"inLanguage\":\"es\",\"@id\":\"https:\/\/cespad.org.hn\/pje\/quienes-somos\/#primaryimage\",\"url\":\"https:\/\/cespad.org.hn\/pje\/wp-content\/uploads\/2025\/11\/photo_4922530115112078413_y.jpg\",\"contentUrl\":\"https:\/\/cespad.org.hn\/pje\/wp-content\/uploads\/2025\/11\/photo_4922530115112078413_y.jpg\",\"width\":1280,\"height\":960},{\"@type\":\"BreadcrumbList\",\"@id\":\"https:\/\/cespad.org.hn\/pje\/quienes-somos\/#breadcrumb\",\"itemListElement\":[{\"@type\":\"ListItem\",\"position\":1,\"name\":\"Portada\",\"item\":\"https:\/\/cespad.org.hn\/pje\/\"},{\"@type\":\"ListItem\",\"position\":2,\"name\":\"Qui\u00e9nes somos\"}]},{\"@type\":\"WebSite\",\"@id\":\"https:\/\/cespad.org.hn\/pje\/#website\",\"url\":\"https:\/\/cespad.org.hn\/pje\/\",\"name\":\"PLATAFORMA JUVENIL ELECTORAL\",\"description\":\"\",\"publisher\":{\"@id\":\"https:\/\/cespad.org.hn\/pje\/#organization\"},\"potentialAction\":[{\"@type\":\"SearchAction\",\"target\":{\"@type\":\"EntryPoint\",\"urlTemplate\":\"https:\/\/cespad.org.hn\/pje\/?s={search_term_string}\"},\"query-input\":{\"@type\":\"PropertyValueSpecification\",\"valueRequired\":true,\"valueName\":\"search_term_string\"}}],\"inLanguage\":\"es\"},{\"@type\":\"Organization\",\"@id\":\"https:\/\/cespad.org.hn\/pje\/#organization\",\"name\":\"PLATAFORMA JUVENIL ELECTORAL\",\"url\":\"https:\/\/cespad.org.hn\/pje\/\",\"logo\":{\"@type\":\"ImageObject\",\"inLanguage\":\"es\",\"@id\":\"https:\/\/cespad.org.hn\/pje\/#\/schema\/logo\/image\/\",\"url\":\"https:\/\/cespad.org.hn\/pje\/wp-content\/uploads\/2025\/09\/cropped-cropped-cropped-WhatsApp-Image-2025-09-22-at-10.59.57-a.-m.jpeg\",\"contentUrl\":\"https:\/\/cespad.org.hn\/pje\/wp-content\/uploads\/2025\/09\/cropped-cropped-cropped-WhatsApp-Image-2025-09-22-at-10.59.57-a.-m.jpeg\",\"width\":768,\"height\":606,\"caption\":\"PLATAFORMA JUVENIL ELECTORAL\"},\"image\":{\"@id\":\"https:\/\/cespad.org.hn\/pje\/#\/schema\/logo\/image\/\"},\"sameAs\":[\"https:\/\/www.facebook.com\/plataformajuvenilelectoral\/\",\"https:\/\/www.tiktok.com\/@pjehonduras\"]}]}<\/script>\n<!-- \/ Yoast SEO plugin. -->","yoast_head_json":{"title":"Qui\u00e9nes somos - PLATAFORMA JUVENIL ELECTORAL","robots":{"index":"index","follow":"follow","max-snippet":"max-snippet:-1","max-image-preview":"max-image-preview:large","max-video-preview":"max-video-preview:-1"},"canonical":"https:\/\/cespad.org.hn\/pje\/quienes-somos\/","og_locale":"es_ES","og_type":"article","og_title":"Qui\u00e9nes somos - PLATAFORMA JUVENIL ELECTORAL","og_description":"En un contexto electoral crucial para Honduras, nos presentamos como la Plataforma Juvenil Electoral (PJE), una iniciativa adscrita al Centro de Estudio para la Democracia (CESPAD), dedicada a la vigilancia y observaci\u00f3n electoral ciudadana, con un enfoque en la participaci\u00f3n y el liderazgo juvenil. Nuestra misi\u00f3n es clara: contribuir al fortalecimiento de la integridad, transparencia [&hellip;]","og_url":"https:\/\/cespad.org.hn\/pje\/quienes-somos\/","og_site_name":"PLATAFORMA JUVENIL ELECTORAL","article_publisher":"https:\/\/www.facebook.com\/plataformajuvenilelectoral\/","article_modified_time":"2025-11-08T00:22:06+00:00","og_image":[{"url":"https:\/\/cespad.org.hn\/pje\/wp-content\/uploads\/2025\/11\/photo_4922530115112078413_y.jpg","type":"","width":"","height":""}],"twitter_card":"summary_large_image","twitter_misc":{"Tiempo de lectura":"3 minutos"},"schema":{"@context":"https:\/\/schema.org","@graph":[{"@type":"WebPage","@id":"https:\/\/cespad.org.hn\/pje\/quienes-somos\/","url":"https:\/\/cespad.org.hn\/pje\/quienes-somos\/","name":"Qui\u00e9nes somos - PLATAFORMA JUVENIL ELECTORAL","isPartOf":{"@id":"https:\/\/cespad.org.hn\/pje\/#website"},"primaryImageOfPage":{"@id":"https:\/\/cespad.org.hn\/pje\/quienes-somos\/#primaryimage"},"image":{"@id":"https:\/\/cespad.org.hn\/pje\/quienes-somos\/#primaryimage"},"thumbnailUrl":"https:\/\/cespad.org.hn\/pje\/wp-content\/uploads\/2025\/11\/photo_4922530115112078413_y.jpg","datePublished":"2025-10-28T17:33:39+00:00","dateModified":"2025-11-08T00:22:06+00:00","breadcrumb":{"@id":"https:\/\/cespad.org.hn\/pje\/quienes-somos\/#breadcrumb"},"inLanguage":"es","potentialAction":[{"@type":"ReadAction","target":["https:\/\/cespad.org.hn\/pje\/quienes-somos\/"]}]},{"@type":"ImageObject","inLanguage":"es","@id":"https:\/\/cespad.org.hn\/pje\/quienes-somos\/#primaryimage","url":"https:\/\/cespad.org.hn\/pje\/wp-content\/uploads\/2025\/11\/photo_4922530115112078413_y.jpg","contentUrl":"https:\/\/cespad.org.hn\/pje\/wp-content\/uploads\/2025\/11\/photo_4922530115112078413_y.jpg","width":1280,"height":960},{"@type":"BreadcrumbList","@id":"https:\/\/cespad.org.hn\/pje\/quienes-somos\/#breadcrumb","itemListElement":[{"@type":"ListItem","position":1,"name":"Portada","item":"https:\/\/cespad.org.hn\/pje\/"},{"@type":"ListItem","position":2,"name":"Qui\u00e9nes somos"}]},{"@type":"WebSite","@id":"https:\/\/cespad.org.hn\/pje\/#website","url":"https:\/\/cespad.org.hn\/pje\/","name":"PLATAFORMA JUVENIL ELECTORAL","description":"","publisher":{"@id":"https:\/\/cespad.org.hn\/pje\/#organization"},"potentialAction":[{"@type":"SearchAction","target":{"@type":"EntryPoint","urlTemplate":"https:\/\/cespad.org.hn\/pje\/?s={search_term_string}"},"query-input":{"@type":"PropertyValueSpecification","valueRequired":true,"valueName":"search_term_string"}}],"inLanguage":"es"},{"@type":"Organization","@id":"https:\/\/cespad.org.hn\/pje\/#organization","name":"PLATAFORMA JUVENIL ELECTORAL","url":"https:\/\/cespad.org.hn\/pje\/","logo":{"@type":"ImageObject","inLanguage":"es","@id":"https:\/\/cespad.org.hn\/pje\/#\/schema\/logo\/image\/","url":"https:\/\/cespad.org.hn\/pje\/wp-content\/uploads\/2025\/09\/cropped-cropped-cropped-WhatsApp-Image-2025-09-22-at-10.59.57-a.-m.jpeg","contentUrl":"https:\/\/cespad.org.hn\/pje\/wp-content\/uploads\/2025\/09\/cropped-cropped-cropped-WhatsApp-Image-2025-09-22-at-10.59.57-a.-m.jpeg","width":768,"height":606,"caption":"PLATAFORMA JUVENIL ELECTORAL"},"image":{"@id":"https:\/\/cespad.org.hn\/pje\/#\/schema\/logo\/image\/"},"sameAs":["https:\/\/www.facebook.com\/plataformajuvenilelectoral\/","https:\/\/www.tiktok.com\/@pjehonduras"]}]}},"_links":{"self":[{"href":"https:\/\/cespad.org.hn\/pje\/wp-json\/wp\/v2\/pages\/203","targetHints":{"allow":["GET"]}}],"collection":[{"href":"https:\/\/cespad.org.hn\/pje\/wp-json\/wp\/v2\/pages"}],"about":[{"href":"https:\/\/cespad.org.hn\/pje\/wp-json\/wp\/v2\/types\/page"}],"author":[{"embeddable":true,"href":"https:\/\/cespad.org.hn\/pje\/wp-json\/wp\/v2\/users\/1"}],"replies":[{"embeddable":true,"href":"https:\/\/cespad.org.hn\/pje\/wp-json\/wp\/v2\/comments?post=203"}],"version-history":[{"count":45,"href":"https:\/\/cespad.org.hn\/pje\/wp-json\/wp\/v2\/pages\/203\/revisions"}],"predecessor-version":[{"id":636,"href":"https:\/\/cespad.org.hn\/pje\/wp-json\/wp\/v2\/pages\/203\/revisions\/636"}],"wp:attachment":[{"href":"https:\/\/cespad.org.hn\/pje\/wp-json\/wp\/v2\/media?parent=203"}],"curies":[{"name":"wp","href":"https:\/\/api.w.org\/{rel}","templated":true}]}}