{"id":312,"date":"2025-11-03T11:39:23","date_gmt":"2025-11-03T17:39:23","guid":{"rendered":"https:\/\/cespad.org.hn\/pje\/?page_id=312"},"modified":"2025-11-06T11:21:15","modified_gmt":"2025-11-06T17:21:15","slug":"informes","status":"publish","type":"page","link":"https:\/\/cespad.org.hn\/pje\/informes\/","title":{"rendered":"Informes"},"content":{"rendered":"\t\t<div data-elementor-type=\"wp-page\" data-elementor-id=\"312\" class=\"elementor elementor-312\">\n\t\t\t\t<div class=\"elementor-element elementor-element-27f7a2a e-flex e-con-boxed e-con e-parent\" data-id=\"27f7a2a\" data-element_type=\"container\">\n\t\t\t\t\t<div class=\"e-con-inner\">\n\t\t\t\t<div class=\"elementor-element elementor-element-8f7c80b elementor-widget elementor-widget-spacer\" data-id=\"8f7c80b\" data-element_type=\"widget\" data-widget_type=\"spacer.default\">\n\t\t\t\t\t\t\t<div class=\"elementor-spacer\">\n\t\t\t<div class=\"elementor-spacer-inner\"><\/div>\n\t\t<\/div>\n\t\t\t\t\t\t<\/div>\n\t\t\t\t\t<\/div>\n\t\t\t\t<\/div>\n\t\t<div class=\"elementor-element elementor-element-c9ce583 e-flex e-con-boxed e-con e-parent\" data-id=\"c9ce583\" data-element_type=\"container\">\n\t\t\t\t\t<div class=\"e-con-inner\">\n\t\t\t\t<div class=\"elementor-element elementor-element-4714b26 elementor-widget elementor-widget-elementskit-blog-posts\" data-id=\"4714b26\" data-element_type=\"widget\" data-widget_type=\"elementskit-blog-posts.default\">\n\t\t\t\t\t<div class=\"ekit-wid-con\" >        <div id=\"post-items--4714b26\" class=\"row post-items\">\n                    <div class=\"col-md-12\">\n\n                                    <div class=\"elementskit-blog-block-post\">\n                        <div class=\"row no-gutters\">\n                                                            <div class=\"col-md-6 order-1\">\n                                    <a href=\"https:\/\/cespad.org.hn\/pje\/informe-de-monitoreo-2021-lecciones-clave-para-la-democracia\/\" class=\"elementskit-entry-thumb\">\n                                        <img decoding=\"async\" src=\"https:\/\/cespad.org.hn\/pje\/wp-content\/uploads\/2025\/11\/photo_4922530115112078417_y-1024x768.jpg\" alt=\"Informe de Monitoreo 2021: lecciones clave para la democracia\">\n                                    <\/a><!-- .elementskit-entry-thumb END -->\n                                <\/div>\n                            \n                            <div class=\"col-md-6 order-2\">\n                                <div class=\"elementskit-post-body \">\n                                    <div class=\"elementskit-entry-header\">\n                                        \n                                                                                            \t\t\t\t\t                                            \n                                            \n                                                                                            \t\t\t\t<h2 class=\"entry-title\">\n\t\t\t\t\t<a href=\"https:\/\/cespad.org.hn\/pje\/informe-de-monitoreo-2021-lecciones-clave-para-la-democracia\/\">\n\t\t\t\t\t\tInforme de Monitoreo 2021: lecciones clave para la democracia\t\t\t\t\t<\/a>\n\t\t\t\t<\/h2>\n\t\t\t                                                                                <\/div><!-- .elementskit-entry-header END -->\n\n                                                                            <div class=\"elementskit-post-footer\">\n                                                                                            <p>El documento que se presenta a continuaci\u00f3n constituye un informe de observaci\u00f3n electoral clave, que refleja una parte fundamental del trabajo realizado por la Plataforma Juvenil Electoral (PJE) en el contexto de las Elecciones Generales de 2021 en Honduras. Este esfuerzo de monitoreo se replica y ampl\u00eda en el marco&hellip;<\/p>\n                                                                                                                                <\/div><!-- .elementskit-post-footer END -->\n                                                                    <\/div><!-- .elementskit-post-body END -->\n                            <\/div>\n                        <\/div>\n                    <\/div><!-- .elementskit-blog-block-post .radius .gradient-bg END -->\n                \n            <\/div>\n                    <div class=\"col-md-12\">\n\n                                    <div class=\"elementskit-blog-block-post\">\n                        <div class=\"row no-gutters\">\n                                                            <div class=\"col-md-6 order-1\">\n                                    <a href=\"https:\/\/cespad.org.hn\/pje\/3-empodera-tu-voto-como-la-plataforma-juvenil-electoral-fomenta-la-participacion-activa-de-los-jovenes-copy-copy\/\" class=\"elementskit-entry-thumb\">\n                                        <img decoding=\"async\" src=\"https:\/\/cespad.org.hn\/pje\/wp-content\/uploads\/2025\/09\/pexels-photo-10343852-1.jpeg\" alt=\"3 Empodera tu Voto: C\u00f3mo la Plataforma Juvenil Electoral Fomenta la Participaci\u00f3n\">\n                                    <\/a><!-- .elementskit-entry-thumb END -->\n                                <\/div>\n                            \n                            <div class=\"col-md-6 order-2\">\n                                <div class=\"elementskit-post-body \">\n                                    <div class=\"elementskit-entry-header\">\n                                        \n                                                                                            \t\t\t\t\t                                            \n                                            \n                                                                                            \t\t\t\t<h2 class=\"entry-title\">\n\t\t\t\t\t<a href=\"https:\/\/cespad.org.hn\/pje\/3-empodera-tu-voto-como-la-plataforma-juvenil-electoral-fomenta-la-participacion-activa-de-los-jovenes-copy-copy\/\">\n\t\t\t\t\t\t3 Empodera tu Voto: C\u00f3mo la Plataforma Juvenil Electoral Fomenta la Participaci\u00f3n\t\t\t\t\t<\/a>\n\t\t\t\t<\/h2>\n\t\t\t                                                                                <\/div><!-- .elementskit-entry-header END -->\n\n                                                                            <div class=\"elementskit-post-footer\">\n                                                                                            <p>Empodera tu Voto: C\u00f3mo la Plataforma Juvenil Electoral Fomenta la Participaci\u00f3n Activa de los J\u00f3venes La participaci\u00f3n de los j\u00f3venes en los procesos electorales es crucial para el desarrollo democr\u00e1tico de cualquier naci\u00f3n. En PJE &#8211; Plataforma Juvenil Electoral, estamos comprometidos a capacitar y motivar a las nuevas generaciones para&hellip;<\/p>\n                                                                                                                                <\/div><!-- .elementskit-post-footer END -->\n                                                                    <\/div><!-- .elementskit-post-body END -->\n                            <\/div>\n                        <\/div>\n                    <\/div><!-- .elementskit-blog-block-post .radius .gradient-bg END -->\n                \n            <\/div>\n                    <div class=\"col-md-12\">\n\n                                    <div class=\"elementskit-blog-block-post\">\n                        <div class=\"row no-gutters\">\n                                                            <div class=\"col-md-6 order-1\">\n                                    <a href=\"https:\/\/cespad.org.hn\/pje\/2-empodera-tu-voto-como-la-plataforma-juvenil-electoral-fomenta-la-participacion-activa-de-los-jovenes-copy\/\" class=\"elementskit-entry-thumb\">\n                                        <img decoding=\"async\" src=\"https:\/\/cespad.org.hn\/pje\/wp-content\/uploads\/2025\/09\/pexels-photo-7103118-1.jpeg\" alt=\"2 Empodera tu Voto: C\u00f3mo la Plataforma Juvenil Electoral Fomenta la Participaci\u00f3n Activa de los J\u00f3venes &#8211; Copy\">\n                                    <\/a><!-- .elementskit-entry-thumb END -->\n                                <\/div>\n                            \n                            <div class=\"col-md-6 order-2\">\n                                <div class=\"elementskit-post-body \">\n                                    <div class=\"elementskit-entry-header\">\n                                        \n                                                                                            \t\t\t\t\t                                            \n                                            \n                                                                                            \t\t\t\t<h2 class=\"entry-title\">\n\t\t\t\t\t<a href=\"https:\/\/cespad.org.hn\/pje\/2-empodera-tu-voto-como-la-plataforma-juvenil-electoral-fomenta-la-participacion-activa-de-los-jovenes-copy\/\">\n\t\t\t\t\t\t2 Empodera tu Voto: C\u00f3mo la Plataforma Juvenil Electoral Fomenta la Participaci\u00f3n Activa de los J\u00f3venes &#8211; Copy\t\t\t\t\t<\/a>\n\t\t\t\t<\/h2>\n\t\t\t                                                                                <\/div><!-- .elementskit-entry-header END -->\n\n                                                                            <div class=\"elementskit-post-footer\">\n                                                                                            <p>Empodera tu Voto: C\u00f3mo la Plataforma Juvenil Electoral Fomenta la Participaci\u00f3n Activa de los J\u00f3venes La participaci\u00f3n de los j\u00f3venes en los procesos electorales es crucial para el desarrollo democr\u00e1tico de cualquier naci\u00f3n. En PJE &#8211; Plataforma Juvenil Electoral, estamos comprometidos a capacitar y motivar a las nuevas generaciones para&hellip;<\/p>\n                                                                                                                                <\/div><!-- .elementskit-post-footer END -->\n                                                                    <\/div><!-- .elementskit-post-body END -->\n                            <\/div>\n                        <\/div>\n                    <\/div><!-- .elementskit-blog-block-post .radius .gradient-bg END -->\n                \n            <\/div>\n                <\/div>\n       <\/div>\t\t\t\t<\/div>\n\t\t\t\t\t<\/div>\n\t\t\t\t<\/div>\n\t\t\t\t<\/div>\n\t\t\n    <div class=\"xs_social_share_widget xs_share_url after_content \t\tmain_content  wslu-style-1 wslu-share-box-shaped wslu-fill-colored wslu-none wslu-share-horizontal wslu-theme-font-no wslu-main_content\">\n\n\t\t\n        <ul>\n\t\t\t        <\/ul>\n    <\/div> \n","protected":false},"excerpt":{"rendered":"<p>3 Empodera tu Voto: C\u00f3mo la Plataforma Juvenil Electoral Fomenta la Participaci\u00f3n Empodera tu Voto: C\u00f3mo la Plataforma Juvenil Electoral Fomenta la Participaci\u00f3n Activa de los J\u00f3venes La participaci\u00f3n de los j\u00f3venes en los procesos electorales es crucial para el desarrollo democr\u00e1tico de cualquier naci\u00f3n. En PJE &#8211; Plataforma Juvenil Electoral, estamos comprometidos a capacitar [&hellip;]<\/p>\n","protected":false},"author":1,"featured_media":0,"parent":0,"menu_order":0,"comment_status":"closed","ping_status":"closed","template":"","meta":{"_eb_attr":"","om_disable_all_campaigns":false,"postBodyCss":"","postBodyMargin":[],"postBodyPadding":[],"postBodyBackground":{"backgroundType":"classic","gradient":""},"footnotes":""},"class_list":["post-312","page","type-page","status-publish","hentry"],"yoast_head":"<!-- This site is optimized with the Yoast SEO plugin v27.2 - https:\/\/yoast.com\/product\/yoast-seo-wordpress\/ -->\n<title>Informes - PLATAFORMA JUVENIL ELECTORAL<\/title>\n<meta name=\"robots\" content=\"index, follow, max-snippet:-1, max-image-preview:large, max-video-preview:-1\" \/>\n<link rel=\"canonical\" href=\"https:\/\/cespad.org.hn\/pje\/informes\/\" \/>\n<meta property=\"og:locale\" content=\"es_ES\" \/>\n<meta property=\"og:type\" content=\"article\" \/>\n<meta property=\"og:title\" content=\"Informes - PLATAFORMA JUVENIL ELECTORAL\" \/>\n<meta property=\"og:description\" content=\"3 Empodera tu Voto: C\u00f3mo la Plataforma Juvenil Electoral Fomenta la Participaci\u00f3n Empodera tu Voto: C\u00f3mo la Plataforma Juvenil Electoral Fomenta la Participaci\u00f3n Activa de los J\u00f3venes La participaci\u00f3n de los j\u00f3venes en los procesos electorales es crucial para el desarrollo democr\u00e1tico de cualquier naci\u00f3n. En PJE &#8211; Plataforma Juvenil Electoral, estamos comprometidos a capacitar [&hellip;]\" \/>\n<meta property=\"og:url\" content=\"https:\/\/cespad.org.hn\/pje\/informes\/\" \/>\n<meta property=\"og:site_name\" content=\"PLATAFORMA JUVENIL ELECTORAL\" \/>\n<meta property=\"article:publisher\" content=\"https:\/\/www.facebook.com\/plataformajuvenilelectoral\/\" \/>\n<meta property=\"article:modified_time\" content=\"2025-11-06T17:21:15+00:00\" \/>\n<meta property=\"og:image\" content=\"https:\/\/cespad.org.hn\/pje\/wp-content\/uploads\/2025\/09\/pexels-photo-10343852-1.jpeg\" \/>\n<meta name=\"twitter:card\" content=\"summary_large_image\" \/>\n<meta name=\"twitter:label1\" content=\"Tiempo de lectura\" \/>\n\t<meta name=\"twitter:data1\" content=\"1 minuto\" \/>\n<script type=\"application\/ld+json\" class=\"yoast-schema-graph\">{\"@context\":\"https:\/\/schema.org\",\"@graph\":[{\"@type\":\"WebPage\",\"@id\":\"https:\/\/cespad.org.hn\/pje\/informes\/\",\"url\":\"https:\/\/cespad.org.hn\/pje\/informes\/\",\"name\":\"Informes - PLATAFORMA JUVENIL ELECTORAL\",\"isPartOf\":{\"@id\":\"https:\/\/cespad.org.hn\/pje\/#website\"},\"primaryImageOfPage\":{\"@id\":\"https:\/\/cespad.org.hn\/pje\/informes\/#primaryimage\"},\"image\":{\"@id\":\"https:\/\/cespad.org.hn\/pje\/informes\/#primaryimage\"},\"thumbnailUrl\":\"https:\/\/cespad.org.hn\/pje\/wp-content\/uploads\/2025\/09\/pexels-photo-10343852-1.jpeg\",\"datePublished\":\"2025-11-03T17:39:23+00:00\",\"dateModified\":\"2025-11-06T17:21:15+00:00\",\"breadcrumb\":{\"@id\":\"https:\/\/cespad.org.hn\/pje\/informes\/#breadcrumb\"},\"inLanguage\":\"es\",\"potentialAction\":[{\"@type\":\"ReadAction\",\"target\":[\"https:\/\/cespad.org.hn\/pje\/informes\/\"]}]},{\"@type\":\"ImageObject\",\"inLanguage\":\"es\",\"@id\":\"https:\/\/cespad.org.hn\/pje\/informes\/#primaryimage\",\"url\":\"https:\/\/cespad.org.hn\/pje\/wp-content\/uploads\/2025\/09\/pexels-photo-10343852-1.jpeg\",\"contentUrl\":\"https:\/\/cespad.org.hn\/pje\/wp-content\/uploads\/2025\/09\/pexels-photo-10343852-1.jpeg\",\"width\":800,\"height\":600},{\"@type\":\"BreadcrumbList\",\"@id\":\"https:\/\/cespad.org.hn\/pje\/informes\/#breadcrumb\",\"itemListElement\":[{\"@type\":\"ListItem\",\"position\":1,\"name\":\"Portada\",\"item\":\"https:\/\/cespad.org.hn\/pje\/\"},{\"@type\":\"ListItem\",\"position\":2,\"name\":\"Informes\"}]},{\"@type\":\"WebSite\",\"@id\":\"https:\/\/cespad.org.hn\/pje\/#website\",\"url\":\"https:\/\/cespad.org.hn\/pje\/\",\"name\":\"PLATAFORMA JUVENIL ELECTORAL\",\"description\":\"\",\"publisher\":{\"@id\":\"https:\/\/cespad.org.hn\/pje\/#organization\"},\"potentialAction\":[{\"@type\":\"SearchAction\",\"target\":{\"@type\":\"EntryPoint\",\"urlTemplate\":\"https:\/\/cespad.org.hn\/pje\/?s={search_term_string}\"},\"query-input\":{\"@type\":\"PropertyValueSpecification\",\"valueRequired\":true,\"valueName\":\"search_term_string\"}}],\"inLanguage\":\"es\"},{\"@type\":\"Organization\",\"@id\":\"https:\/\/cespad.org.hn\/pje\/#organization\",\"name\":\"PLATAFORMA JUVENIL ELECTORAL\",\"url\":\"https:\/\/cespad.org.hn\/pje\/\",\"logo\":{\"@type\":\"ImageObject\",\"inLanguage\":\"es\",\"@id\":\"https:\/\/cespad.org.hn\/pje\/#\/schema\/logo\/image\/\",\"url\":\"https:\/\/cespad.org.hn\/pje\/wp-content\/uploads\/2025\/09\/cropped-cropped-cropped-WhatsApp-Image-2025-09-22-at-10.59.57-a.-m.jpeg\",\"contentUrl\":\"https:\/\/cespad.org.hn\/pje\/wp-content\/uploads\/2025\/09\/cropped-cropped-cropped-WhatsApp-Image-2025-09-22-at-10.59.57-a.-m.jpeg\",\"width\":768,\"height\":606,\"caption\":\"PLATAFORMA JUVENIL ELECTORAL\"},\"image\":{\"@id\":\"https:\/\/cespad.org.hn\/pje\/#\/schema\/logo\/image\/\"},\"sameAs\":[\"https:\/\/www.facebook.com\/plataformajuvenilelectoral\/\",\"https:\/\/www.tiktok.com\/@pjehonduras\"]}]}<\/script>\n<!-- \/ Yoast SEO plugin. -->","yoast_head_json":{"title":"Informes - PLATAFORMA JUVENIL ELECTORAL","robots":{"index":"index","follow":"follow","max-snippet":"max-snippet:-1","max-image-preview":"max-image-preview:large","max-video-preview":"max-video-preview:-1"},"canonical":"https:\/\/cespad.org.hn\/pje\/informes\/","og_locale":"es_ES","og_type":"article","og_title":"Informes - PLATAFORMA JUVENIL ELECTORAL","og_description":"3 Empodera tu Voto: C\u00f3mo la Plataforma Juvenil Electoral Fomenta la Participaci\u00f3n Empodera tu Voto: C\u00f3mo la Plataforma Juvenil Electoral Fomenta la Participaci\u00f3n Activa de los J\u00f3venes La participaci\u00f3n de los j\u00f3venes en los procesos electorales es crucial para el desarrollo democr\u00e1tico de cualquier naci\u00f3n. En PJE &#8211; Plataforma Juvenil Electoral, estamos comprometidos a capacitar [&hellip;]","og_url":"https:\/\/cespad.org.hn\/pje\/informes\/","og_site_name":"PLATAFORMA JUVENIL ELECTORAL","article_publisher":"https:\/\/www.facebook.com\/plataformajuvenilelectoral\/","article_modified_time":"2025-11-06T17:21:15+00:00","og_image":[{"url":"https:\/\/cespad.org.hn\/pje\/wp-content\/uploads\/2025\/09\/pexels-photo-10343852-1.jpeg","type":"","width":"","height":""}],"twitter_card":"summary_large_image","twitter_misc":{"Tiempo de lectura":"1 minuto"},"schema":{"@context":"https:\/\/schema.org","@graph":[{"@type":"WebPage","@id":"https:\/\/cespad.org.hn\/pje\/informes\/","url":"https:\/\/cespad.org.hn\/pje\/informes\/","name":"Informes - PLATAFORMA JUVENIL ELECTORAL","isPartOf":{"@id":"https:\/\/cespad.org.hn\/pje\/#website"},"primaryImageOfPage":{"@id":"https:\/\/cespad.org.hn\/pje\/informes\/#primaryimage"},"image":{"@id":"https:\/\/cespad.org.hn\/pje\/informes\/#primaryimage"},"thumbnailUrl":"https:\/\/cespad.org.hn\/pje\/wp-content\/uploads\/2025\/09\/pexels-photo-10343852-1.jpeg","datePublished":"2025-11-03T17:39:23+00:00","dateModified":"2025-11-06T17:21:15+00:00","breadcrumb":{"@id":"https:\/\/cespad.org.hn\/pje\/informes\/#breadcrumb"},"inLanguage":"es","potentialAction":[{"@type":"ReadAction","target":["https:\/\/cespad.org.hn\/pje\/informes\/"]}]},{"@type":"ImageObject","inLanguage":"es","@id":"https:\/\/cespad.org.hn\/pje\/informes\/#primaryimage","url":"https:\/\/cespad.org.hn\/pje\/wp-content\/uploads\/2025\/09\/pexels-photo-10343852-1.jpeg","contentUrl":"https:\/\/cespad.org.hn\/pje\/wp-content\/uploads\/2025\/09\/pexels-photo-10343852-1.jpeg","width":800,"height":600},{"@type":"BreadcrumbList","@id":"https:\/\/cespad.org.hn\/pje\/informes\/#breadcrumb","itemListElement":[{"@type":"ListItem","position":1,"name":"Portada","item":"https:\/\/cespad.org.hn\/pje\/"},{"@type":"ListItem","position":2,"name":"Informes"}]},{"@type":"WebSite","@id":"https:\/\/cespad.org.hn\/pje\/#website","url":"https:\/\/cespad.org.hn\/pje\/","name":"PLATAFORMA JUVENIL ELECTORAL","description":"","publisher":{"@id":"https:\/\/cespad.org.hn\/pje\/#organization"},"potentialAction":[{"@type":"SearchAction","target":{"@type":"EntryPoint","urlTemplate":"https:\/\/cespad.org.hn\/pje\/?s={search_term_string}"},"query-input":{"@type":"PropertyValueSpecification","valueRequired":true,"valueName":"search_term_string"}}],"inLanguage":"es"},{"@type":"Organization","@id":"https:\/\/cespad.org.hn\/pje\/#organization","name":"PLATAFORMA JUVENIL ELECTORAL","url":"https:\/\/cespad.org.hn\/pje\/","logo":{"@type":"ImageObject","inLanguage":"es","@id":"https:\/\/cespad.org.hn\/pje\/#\/schema\/logo\/image\/","url":"https:\/\/cespad.org.hn\/pje\/wp-content\/uploads\/2025\/09\/cropped-cropped-cropped-WhatsApp-Image-2025-09-22-at-10.59.57-a.-m.jpeg","contentUrl":"https:\/\/cespad.org.hn\/pje\/wp-content\/uploads\/2025\/09\/cropped-cropped-cropped-WhatsApp-Image-2025-09-22-at-10.59.57-a.-m.jpeg","width":768,"height":606,"caption":"PLATAFORMA JUVENIL ELECTORAL"},"image":{"@id":"https:\/\/cespad.org.hn\/pje\/#\/schema\/logo\/image\/"},"sameAs":["https:\/\/www.facebook.com\/plataformajuvenilelectoral\/","https:\/\/www.tiktok.com\/@pjehonduras"]}]}},"_links":{"self":[{"href":"https:\/\/cespad.org.hn\/pje\/wp-json\/wp\/v2\/pages\/312","targetHints":{"allow":["GET"]}}],"collection":[{"href":"https:\/\/cespad.org.hn\/pje\/wp-json\/wp\/v2\/pages"}],"about":[{"href":"https:\/\/cespad.org.hn\/pje\/wp-json\/wp\/v2\/types\/page"}],"author":[{"embeddable":true,"href":"https:\/\/cespad.org.hn\/pje\/wp-json\/wp\/v2\/users\/1"}],"replies":[{"embeddable":true,"href":"https:\/\/cespad.org.hn\/pje\/wp-json\/wp\/v2\/comments?post=312"}],"version-history":[{"count":13,"href":"https:\/\/cespad.org.hn\/pje\/wp-json\/wp\/v2\/pages\/312\/revisions"}],"predecessor-version":[{"id":514,"href":"https:\/\/cespad.org.hn\/pje\/wp-json\/wp\/v2\/pages\/312\/revisions\/514"}],"wp:attachment":[{"href":"https:\/\/cespad.org.hn\/pje\/wp-json\/wp\/v2\/media?parent=312"}],"curies":[{"name":"wp","href":"https:\/\/api.w.org\/{rel}","templated":true}]}}